{"id":3570,"date":"2021-08-09T12:03:17","date_gmt":"2021-08-09T10:03:17","guid":{"rendered":"https:\/\/www.algaia.com\/index.php\/solutions-a-facon\/"},"modified":"2021-08-09T12:27:55","modified_gmt":"2021-08-09T10:27:55","slug":"solutions-a-facon","status":"publish","type":"page","link":"https:\/\/www.algaia.com\/index.php\/solutions-a-facon\/","title":{"rendered":"Solutions \u00e0 fa\u00e7on"},"content":{"rendered":"<p>[et_pb_section fb_built=\u00a0\u00bb1&Prime; fullwidth=\u00a0\u00bbon\u00a0\u00bb _builder_version=\u00a0\u00bb3.17.6&Prime; background_image=\u00a0\u00bbhttps:\/\/www.algaia.com\/wp-content\/uploads\/2019\/02\/usine-stockage-algues-alginates-algaia-lannilis-finistere.jpg\u00a0\u00bb custom_padding=\u00a0\u00bb0px|0px|31px|0px|false|false\u00a0\u00bb][et_pb_fullwidth_header subhead=\u00a0\u00bbALGAIA\u00a0\u00bb _builder_version=\u00a0\u00bb3.17.6&Prime; title_font=\u00a0\u00bb||||||||\u00a0\u00bb title_text_align=\u00a0\u00bbcenter\u00a0\u00bb content_font=\u00a0\u00bb|600|||||||\u00a0\u00bb content_text_align=\u00a0\u00bbcenter\u00a0\u00bb content_font_size=\u00a0\u00bb30px\u00a0\u00bb subhead_font=\u00a0\u00bb||||||||\u00a0\u00bb subhead_text_align=\u00a0\u00bbcenter\u00a0\u00bb background_color=\u00a0\u00bbrgba(126,190,197,0)\u00a0\u00bb]<\/p>\n<p>SOLUTIONS \u00c0 FA\u00c7ON<\/p>\n<p>[\/et_pb_fullwidth_header][\/et_pb_section][et_pb_section fb_built=\u00a0\u00bb1&Prime; _builder_version=\u00a0\u00bb3.17.6&Prime; custom_padding=\u00a0\u00bb0|0px|0|0px|false|false\u00a0\u00bb][et_pb_row custom_padding=\u00a0\u00bb28px|0px|0|0px|false|false\u00a0\u00bb _builder_version=\u00a0\u00bb3.17.6&Prime; module_alignment=\u00a0\u00bbcenter\u00a0\u00bb][et_pb_column type=\u00a0\u00bb4_4&Prime; _builder_version=\u00a0\u00bb3.17.6&Prime;][et_pb_image _builder_version=\u00a0\u00bb3.17.6&Prime;][\/et_pb_image][\/et_pb_column][\/et_pb_row][\/et_pb_section][et_pb_section fb_built=\u00a0\u00bb1&Prime; _builder_version=\u00a0\u00bb3.17.6&Prime; custom_padding=\u00a0\u00bb18px|0px|11px|0px|false|false\u00a0\u00bb][et_pb_row custom_padding=\u00a0\u00bb0|0px|0|0px|false|false\u00a0\u00bb _builder_version=\u00a0\u00bb3.17.6&Prime;][et_pb_column type=\u00a0\u00bb2_3&Prime; _builder_version=\u00a0\u00bb3.17.6&Prime;][et_pb_text _builder_version=\u00a0\u00bb3.17.6&Prime;]<\/p>\n<p>Que vous rencontriez des probl\u00e8mes de process, de disponibilit\u00e9 des mati\u00e8res premi\u00e8res, de conformit\u00e9 r\u00e9glementaire ou de rentabilit\u00e9, Algaia collaborera avec votre \u00e9quipe pour vous fournir les solutions texturantes les plus performantes \u00e0 base de gommes v\u00e9g\u00e9tales et d&rsquo;extraits d&rsquo;algues.<\/p>\n<p>Nous vous proposons des capacit\u00e9s de laboratoire avec des \u00e9quipements sp\u00e9cifiques (y compris des pilotes), une connaissance approfondie des gommes et des ingr\u00e9dients fonctionnels ajout\u00e9e \u00e0 notre expertise dans les applications et r\u00e9glementations des produits finis. Nos solutions ou syst\u00e8mes alimentaires personnalis\u00e9s sont d\u00e9velopp\u00e9s pour am\u00e9liorer les synergies entre divers composants d&rsquo;origine naturelle et r\u00e9pondre aux besoins des clients et du march\u00e9.<\/p>\n<p>Nous pouvons optimiser les performances de votre produit en tirant parti des synergies entre les ingr\u00e9dients pour :<br \/>&#8211; R\u00e9duire la syn\u00e9r\u00e8se dans votre produit<br \/>&#8211; Am\u00e9liorer la stabilit\u00e9 thermique dans les produits autoclav\u00e9s<br \/>&#8211; Ajuster la texture<br \/>&#8211; Fournir des solutions polyvalentes en pH et en temp\u00e9rature<\/p>\n<p>[\/et_pb_text][\/et_pb_column][et_pb_column type=\u00a0\u00bb1_3&Prime; _builder_version=\u00a0\u00bb3.17.6&Prime;][et_pb_cta title=\u00a0\u00bbBesoin d&rsquo;aide pour une formulation ?\u00a0\u00bb button_url=\u00a0\u00bbhttps:\/\/share.hsforms.com\/1LnjPOw6KTAWB5Zyj7DE2Xg2nu0v\u00a0\u00bb url_new_window=\u00a0\u00bbon\u00a0\u00bb button_text=\u00a0\u00bbContactez-nous d\u00e8s aujourd&rsquo;hui\u00a0\u00bb _builder_version=\u00a0\u00bb3.21&Prime; header_font=\u00a0\u00bbrenogare|700|||||||\u00a0\u00bb header_font_size=\u00a0\u00bb25px\u00a0\u00bb body_font=\u00a0\u00bb|600|||||||\u00a0\u00bb body_font_size=\u00a0\u00bb17px\u00a0\u00bb background_image=\u00a0\u00bbhttps:\/\/www.algaia.com\/wp-content\/uploads\/2019\/02\/Saint-Lo\u0302-166.jpg\u00a0\u00bb animation_style=\u00a0\u00bbzoom\u00a0\u00bb]<\/p>\n<p>Appelez nos experts pour plus d&rsquo;informations ou une assistance technique.<\/p>\n<p>[\/et_pb_cta][\/et_pb_column][\/et_pb_row][\/et_pb_section][et_pb_section fb_built=\u00a0\u00bb1&Prime; _builder_version=\u00a0\u00bb3.17.6&Prime; custom_padding=\u00a0\u00bb14px|0px|32px|0px|false|false\u00a0\u00bb][et_pb_row custom_padding=\u00a0\u00bb5px|0px|14px|0px|false|false\u00a0\u00bb _builder_version=\u00a0\u00bb3.17.6&Prime; module_alignment=\u00a0\u00bbcenter\u00a0\u00bb][et_pb_column type=\u00a0\u00bb2_5&Prime; _builder_version=\u00a0\u00bb3.17.6&Prime;][et_pb_image src=\u00a0\u00bbhttps:\/\/www.algaia.com\/wp-content\/uploads\/2018\/11\/Capture-d\u2019e\u0301cran-2018-11-29-a\u0300-15.41.00.png\u00a0\u00bb _builder_version=\u00a0\u00bb3.17.6&Prime; animation_style=\u00a0\u00bbfade\u00a0\u00bb][\/et_pb_image][et_pb_button button_text=\u00a0\u00bbDemandez nous de l&rsquo;aide pour formuler vos recettes\u00a0\u00bb button_alignment=\u00a0\u00bbcenter\u00a0\u00bb _builder_version=\u00a0\u00bb3.21&Prime; custom_button=\u00a0\u00bbon\u00a0\u00bb button_text_color=\u00a0\u00bb#aadb24&Prime; button_font=\u00a0\u00bb||||||||\u00a0\u00bb button_icon=\u00a0\u00bb%%40%%\u00a0\u00bb button_url=\u00a0\u00bbhttps:\/\/share.hsforms.com\/1LnjPOw6KTAWB5Zyj7DE2Xg2nu0v\u00a0\u00bb][\/et_pb_button][\/et_pb_column][et_pb_column type=\u00a0\u00bb3_5&Prime; _builder_version=\u00a0\u00bb3.17.6&Prime;][et_pb_text _builder_version=\u00a0\u00bb3.17.6&Prime; text_font=\u00a0\u00bb||||||||\u00a0\u00bb header_font=\u00a0\u00bbrenogare||||||||\u00a0\u00bb header_text_color=\u00a0\u00bb#aadb24&Prime; header_2_font=\u00a0\u00bb||||||||\u00a0\u00bb header_2_text_color=\u00a0\u00bb#aadb24&Prime; header_2_font_size=\u00a0\u00bb22px\u00a0\u00bb]<\/p>\n<h2>DES FORMULATIONS TOUTES PR\u00caTES FACILES \u00c0 INT\u00c9GRER<\/h2>\n<p>Pour la fabrication, nous sommes en mesure de concevoir des solutions sur mesure pour permettre un traitement plus facile avec des formats sp\u00e9cifiques :<\/p>\n<p>&#8211;\u00a0\u00a0 \u00a0Poudres sans poussi\u00e8re<br \/>&#8211;\u00a0\u00a0 \u00a0Poudres \u00e0 dispersibilit\u00e9 rapide<br \/>&#8211;\u00a0\u00a0 \u00a0Formulations fluides<\/p>\n<p>Notre gamme de produits personnalis\u00e9s est d\u00e9velopp\u00e9e avec nos clients en Europe et avec le soutien de notre \u00e9quipe technique et commerciale europ\u00e9enne sous les marques\u00a0:<\/p>\n<ul>\n<li>Satialgine\u2122 Customized : une gamme con\u00e7ue pour les applications alimentaires principalement utilis\u00e9es comme agents \u00e9paississants<\/li>\n<li>Algogel\u2122 Customized : une gamme con\u00e7ue pour les applications alimentaires principalement utilis\u00e9es comme g\u00e9lifiants<\/li>\n<li>Algogel\u2122 Customized SCG 2081 Certifi\u00e9 COSMOS utilis\u00e9 comme g\u00e9lifiant pour les applications cosm\u00e9tiques<\/li>\n<\/ul>\n<p>[\/et_pb_text][\/et_pb_column][\/et_pb_row][\/et_pb_section]<\/p>\n","protected":false},"excerpt":{"rendered":"<p>SOLUTIONS \u00c0 FA\u00c7ONQue vous rencontriez des probl\u00e8mes de process, de disponibilit\u00e9 des mati\u00e8res premi\u00e8res, de conformit\u00e9 r\u00e9glementaire ou de rentabilit\u00e9, Algaia collaborera avec votre \u00e9quipe pour vous fournir les solutions [&hellip;]<\/p>\n","protected":false},"author":1,"featured_media":0,"parent":0,"menu_order":0,"comment_status":"closed","ping_status":"closed","template":"","meta":{"_et_pb_use_builder":"on","_et_pb_old_content":"","_et_gb_content_width":"","_exactmetrics_skip_tracking":false,"_exactmetrics_sitenote_active":false,"_exactmetrics_sitenote_note":"","_exactmetrics_sitenote_category":0,"footnotes":""},"class_list":["post-3570","page","type-page","status-publish","hentry"],"yoast_head":"<!-- This site is optimized with the Yoast SEO plugin v27.3 - https:\/\/yoast.com\/product\/yoast-seo-wordpress\/ -->\n<title>Solutions \u00e0 fa\u00e7on &#8226; Algaia<\/title>\n<meta name=\"robots\" content=\"index, follow, max-snippet:-1, max-image-preview:large, max-video-preview:-1\" \/>\n<link rel=\"canonical\" href=\"https:\/\/www.algaia.com\/index.php\/solutions-a-facon\/\" \/>\n<meta property=\"og:locale\" content=\"fr_FR\" \/>\n<meta property=\"og:type\" content=\"article\" \/>\n<meta property=\"og:title\" content=\"Solutions \u00e0 fa\u00e7on &#8226; Algaia\" \/>\n<meta property=\"og:description\" content=\"SOLUTIONS \u00c0 FA\u00c7ONQue vous rencontriez des probl\u00e8mes de process, de disponibilit\u00e9 des mati\u00e8res premi\u00e8res, de conformit\u00e9 r\u00e9glementaire ou de rentabilit\u00e9, Algaia collaborera avec votre \u00e9quipe pour vous fournir les solutions [&hellip;]\" \/>\n<meta property=\"og:url\" content=\"https:\/\/www.algaia.com\/index.php\/solutions-a-facon\/\" \/>\n<meta property=\"og:site_name\" content=\"Algaia\" \/>\n<meta property=\"article:modified_time\" content=\"2021-08-09T10:27:55+00:00\" \/>\n<meta property=\"og:image\" content=\"https:\/\/www.algaia.com\/wp-content\/uploads\/2019\/02\/Algues-brunes2-1024x681.jpg\" \/>\n\t<meta property=\"og:image:width\" content=\"1024\" \/>\n\t<meta property=\"og:image:height\" content=\"681\" \/>\n\t<meta property=\"og:image:type\" content=\"image\/jpeg\" \/>\n<meta name=\"twitter:card\" content=\"summary_large_image\" \/>\n<meta name=\"twitter:label1\" content=\"Dur\u00e9e de lecture estim\u00e9e\" \/>\n\t<meta name=\"twitter:data1\" content=\"3 minutes\" \/>\n<script type=\"application\/ld+json\" class=\"yoast-schema-graph\">{\"@context\":\"https:\\\/\\\/schema.org\",\"@graph\":[{\"@type\":\"WebPage\",\"@id\":\"https:\\\/\\\/www.algaia.com\\\/index.php\\\/solutions-a-facon\\\/\",\"url\":\"https:\\\/\\\/www.algaia.com\\\/index.php\\\/solutions-a-facon\\\/\",\"name\":\"Solutions \u00e0 fa\u00e7on &#8226; Algaia\",\"isPartOf\":{\"@id\":\"https:\\\/\\\/www.algaia.com\\\/#website\"},\"datePublished\":\"2021-08-09T10:03:17+00:00\",\"dateModified\":\"2021-08-09T10:27:55+00:00\",\"breadcrumb\":{\"@id\":\"https:\\\/\\\/www.algaia.com\\\/index.php\\\/solutions-a-facon\\\/#breadcrumb\"},\"inLanguage\":\"fr-FR\",\"potentialAction\":[{\"@type\":\"ReadAction\",\"target\":[\"https:\\\/\\\/www.algaia.com\\\/index.php\\\/solutions-a-facon\\\/\"]}]},{\"@type\":\"BreadcrumbList\",\"@id\":\"https:\\\/\\\/www.algaia.com\\\/index.php\\\/solutions-a-facon\\\/#breadcrumb\",\"itemListElement\":[{\"@type\":\"ListItem\",\"position\":1,\"name\":\"Home\",\"item\":\"https:\\\/\\\/www.algaia.com\\\/\"},{\"@type\":\"ListItem\",\"position\":2,\"name\":\"Solutions \u00e0 fa\u00e7on\"}]},{\"@type\":\"WebSite\",\"@id\":\"https:\\\/\\\/www.algaia.com\\\/#website\",\"url\":\"https:\\\/\\\/www.algaia.com\\\/\",\"name\":\"Algaia\",\"description\":\"Your Algae Partner\",\"publisher\":{\"@id\":\"https:\\\/\\\/www.algaia.com\\\/#organization\"},\"potentialAction\":[{\"@type\":\"SearchAction\",\"target\":{\"@type\":\"EntryPoint\",\"urlTemplate\":\"https:\\\/\\\/www.algaia.com\\\/?s={search_term_string}\"},\"query-input\":{\"@type\":\"PropertyValueSpecification\",\"valueRequired\":true,\"valueName\":\"search_term_string\"}}],\"inLanguage\":\"fr-FR\"},{\"@type\":\"Organization\",\"@id\":\"https:\\\/\\\/www.algaia.com\\\/#organization\",\"name\":\"algaia\",\"url\":\"https:\\\/\\\/www.algaia.com\\\/\",\"logo\":{\"@type\":\"ImageObject\",\"inLanguage\":\"fr-FR\",\"@id\":\"https:\\\/\\\/www.algaia.com\\\/#\\\/schema\\\/logo\\\/image\\\/\",\"url\":\"https:\\\/\\\/www.algaia.com\\\/wp-content\\\/uploads\\\/2019\\\/03\\\/news.jpg\",\"contentUrl\":\"https:\\\/\\\/www.algaia.com\\\/wp-content\\\/uploads\\\/2019\\\/03\\\/news.jpg\",\"width\":358,\"height\":251,\"caption\":\"algaia\"},\"image\":{\"@id\":\"https:\\\/\\\/www.algaia.com\\\/#\\\/schema\\\/logo\\\/image\\\/\"},\"sameAs\":[\"https:\\\/\\\/www.linkedin.com\\\/company\\\/algaia\\\/\"]}]}<\/script>\n<!-- \/ Yoast SEO plugin. -->","yoast_head_json":{"title":"Solutions \u00e0 fa\u00e7on &#8226; Algaia","robots":{"index":"index","follow":"follow","max-snippet":"max-snippet:-1","max-image-preview":"max-image-preview:large","max-video-preview":"max-video-preview:-1"},"canonical":"https:\/\/www.algaia.com\/index.php\/solutions-a-facon\/","og_locale":"fr_FR","og_type":"article","og_title":"Solutions \u00e0 fa\u00e7on &#8226; Algaia","og_description":"SOLUTIONS \u00c0 FA\u00c7ONQue vous rencontriez des probl\u00e8mes de process, de disponibilit\u00e9 des mati\u00e8res premi\u00e8res, de conformit\u00e9 r\u00e9glementaire ou de rentabilit\u00e9, Algaia collaborera avec votre \u00e9quipe pour vous fournir les solutions [&hellip;]","og_url":"https:\/\/www.algaia.com\/index.php\/solutions-a-facon\/","og_site_name":"Algaia","article_modified_time":"2021-08-09T10:27:55+00:00","og_image":[{"width":1024,"height":681,"url":"https:\/\/www.algaia.com\/wp-content\/uploads\/2019\/02\/Algues-brunes2-1024x681.jpg","type":"image\/jpeg"}],"twitter_card":"summary_large_image","twitter_misc":{"Dur\u00e9e de lecture estim\u00e9e":"3 minutes"},"schema":{"@context":"https:\/\/schema.org","@graph":[{"@type":"WebPage","@id":"https:\/\/www.algaia.com\/index.php\/solutions-a-facon\/","url":"https:\/\/www.algaia.com\/index.php\/solutions-a-facon\/","name":"Solutions \u00e0 fa\u00e7on &#8226; Algaia","isPartOf":{"@id":"https:\/\/www.algaia.com\/#website"},"datePublished":"2021-08-09T10:03:17+00:00","dateModified":"2021-08-09T10:27:55+00:00","breadcrumb":{"@id":"https:\/\/www.algaia.com\/index.php\/solutions-a-facon\/#breadcrumb"},"inLanguage":"fr-FR","potentialAction":[{"@type":"ReadAction","target":["https:\/\/www.algaia.com\/index.php\/solutions-a-facon\/"]}]},{"@type":"BreadcrumbList","@id":"https:\/\/www.algaia.com\/index.php\/solutions-a-facon\/#breadcrumb","itemListElement":[{"@type":"ListItem","position":1,"name":"Home","item":"https:\/\/www.algaia.com\/"},{"@type":"ListItem","position":2,"name":"Solutions \u00e0 fa\u00e7on"}]},{"@type":"WebSite","@id":"https:\/\/www.algaia.com\/#website","url":"https:\/\/www.algaia.com\/","name":"Algaia","description":"Your Algae Partner","publisher":{"@id":"https:\/\/www.algaia.com\/#organization"},"potentialAction":[{"@type":"SearchAction","target":{"@type":"EntryPoint","urlTemplate":"https:\/\/www.algaia.com\/?s={search_term_string}"},"query-input":{"@type":"PropertyValueSpecification","valueRequired":true,"valueName":"search_term_string"}}],"inLanguage":"fr-FR"},{"@type":"Organization","@id":"https:\/\/www.algaia.com\/#organization","name":"algaia","url":"https:\/\/www.algaia.com\/","logo":{"@type":"ImageObject","inLanguage":"fr-FR","@id":"https:\/\/www.algaia.com\/#\/schema\/logo\/image\/","url":"https:\/\/www.algaia.com\/wp-content\/uploads\/2019\/03\/news.jpg","contentUrl":"https:\/\/www.algaia.com\/wp-content\/uploads\/2019\/03\/news.jpg","width":358,"height":251,"caption":"algaia"},"image":{"@id":"https:\/\/www.algaia.com\/#\/schema\/logo\/image\/"},"sameAs":["https:\/\/www.linkedin.com\/company\/algaia\/"]}]}},"_links":{"self":[{"href":"https:\/\/www.algaia.com\/index.php\/wp-json\/wp\/v2\/pages\/3570","targetHints":{"allow":["GET"]}}],"collection":[{"href":"https:\/\/www.algaia.com\/index.php\/wp-json\/wp\/v2\/pages"}],"about":[{"href":"https:\/\/www.algaia.com\/index.php\/wp-json\/wp\/v2\/types\/page"}],"author":[{"embeddable":true,"href":"https:\/\/www.algaia.com\/index.php\/wp-json\/wp\/v2\/users\/1"}],"replies":[{"embeddable":true,"href":"https:\/\/www.algaia.com\/index.php\/wp-json\/wp\/v2\/comments?post=3570"}],"version-history":[{"count":5,"href":"https:\/\/www.algaia.com\/index.php\/wp-json\/wp\/v2\/pages\/3570\/revisions"}],"predecessor-version":[{"id":3581,"href":"https:\/\/www.algaia.com\/index.php\/wp-json\/wp\/v2\/pages\/3570\/revisions\/3581"}],"wp:attachment":[{"href":"https:\/\/www.algaia.com\/index.php\/wp-json\/wp\/v2\/media?parent=3570"}],"curies":[{"name":"wp","href":"https:\/\/api.w.org\/{rel}","templated":true}]}}